 be -1 + 2 + 6 + -4. Suppose -2 = g - l. Give h(g).
1
Suppose -3*y = 17 + 1. Let a(w) = w + 7. Determine a(y).
1
Let d = -44/5 + 269/30. Let q(x) be the second derivative of -d*x**3 - 2*x + 3/2*x**2 - 1/12*x**4 + 0. Determine q(0).
3
Let s(d) = d**2 + 6*d + 4. Let m(l) = -l - 1. Let x(i) = -5*m(i) - s(i). Let n be x(-3). Let p(t) = t + 1. Determine p(n).
-4
Let v(n) = 10*n**2 + 1. Let x be ((-2)/2 + (-6)/(-4))*2. Give v(x).
11
Suppose -w - h + 3 = 0, -2*w - 4*h - h = -15. Suppose w = -f - f + 12. Let i(d) = d**3 - 5*d**2 - 7*d + 3. What is i(f)?
-3
Let x(a) = 0 + 2*a**2 + 6 + 5*a - 3*a**2. Determine x(6).
0
Let w(f) be the third derivative of -f**6/120 + f**5/60 + f**4/6 + f**3/2 - 6*f**2. What is w(-2)?
7
Let q(n) = 3*n**2 - 1. Suppose 4*s = -20, 5*w = -3*s - 8 - 52. Let c(j) = -12*j**2 + 4. Let l(d) = w*q(d) - 2*c(d). Calculate l(1).
-2
Let g(o) = o**2 + 18*o + 17. Let h be g(-17). Let t(l) = -1 - 4*l - 1 + 3*l. Determine t(h).
-2
Let x(b) be the third derivative of -b**6/120 - b**5/10 - b**4/24 + 7*b**3/6 + 29*b**2. Determine x(-6).
13
Suppose 4*u + 2*c - 18 = -0*u, -3 = -u - c. Let j = -4 + u. Let s(q) = 3*q**2 - j*q**2 - 6*q + 6 - 3. What is s(5)?
-2
Let y(m) = m**3 + m + 6. Let c be -2*(2 + (-18)/4). Let r(b) = -1 - 4 + 5 - 5 + b. Let q be r(c). What is y(q)?
6
Suppose m = -m + 2. Let n be (16/(-10))/(m/(-5)). Let p = n - 5. Let a(o) = -o**3 + 2*o**2 + 2*o - 4. Give a(p).
-7
Suppose 0*i - 40 = -10*i. Let v(m) = 6*m + 1. Give v(i).
25
Let b(u) = u**3 + u - 1. Let k(s) = -s**2 - 9*s + 1. Let m be k(-9). Let i = -1 + m. Suppose i = 5*n - 7 + 2. Calculate b(n).
1
Let a = 21 - 18. Let u(f) = 6 - 5 - f + a*f. Give u(-3).
-5
Let x = -15 + 10. Let c(q) = q**3 + 6*q**2 + 6*q + 4. Calculate c(x).
-1
Let f(d) = d - 4 + 3*d - 2*d + 2. Determine f(-4).
-10
Let d(k) = -4*k - 1. Let j be d(-1). Let c = 3 + -1. Let n(g) = g. Let m(v) = -4*v + 2. Let a(w) = c*m(w) + 6*n(w). What is a(j)?
-2
Let b be ((-4)/(-4))/((-2)/(-18)). Let c(m) = -m**3 + 9*m**2 + 3. Calculate c(b).
3
Let y = 6 - 3. Let f(b) = -b**2 + b. Give f(y).
-6
Let w(i) be the first derivative of 3*i + 3 + 0*i**2 - 1/3*i**3. Calculate w(-3).
-6
Let g(l) = 34*l**2 - 35*l**2 - 4 + 4*l + 1 - 1. Give g(3).
-1
Let a(f) = 3*f - 4*f**3 + 3 - 2*f**3 + 5*f**3. What is a(-2)?
5
Let l(z) = -4*z - 3. Let f = -2 + 0. Give l(f).
5
Suppose -n = -0*n + 3. Let b(l) = -3*l**2 - 2*l - 8. Let i(v) = -v**2 - v - 1. Let g(y) = -b(y) + 5*i(y). Determine g(n).
-6
Let w = 19 - 16. Let n(s) = 0*s**3 - s**3 + 3*s**2 - s + 0*s**2 + 2. What is n(w)?
-1
Let a(s) = -3*s**3 + 4*s**2 + 2. Let j(w) = -w**3 + 2*w**2 + 1. Let l(f) = 2*a(f) - 5*j(f). Give l(-3).
8
Let v(o) = o**2 - 4*o - 6. Suppose 3 = d - 2. Determine v(d).
-1
Let v(i) = i - 2. Let y be v(-4). Let a(l) = -l**2 - 7*l - 8. Calculate a(y).
-2
Let d(u) = 4*u**2 + 6*u + 4. Let o(p) = p**2 + p. Let v(i) = -d(i) + 3*o(i). Determine v(-5).
-14
Let x(k) = -3*k + 3. Let b(h) = 3*h - 2. Suppose -5*a = -10*a - 15. Let w(o) = a*b(o) - 2*x(o). Determine w(1).
-3
Let k(g) be the third derivative of -g**4/12 + 2*g**3/3 - 6*g**2. Let b be -2*3/18*-21. Suppose -u - 3 = -2*r - b, -3*u + r = -12. What is k(u)?
-4
Suppose -2*d + 5 = -5. Suppose r + 24 = d*r. Let u(k) = k**3 - 5*k**2 - 7*k + 8. Determine u(r).
2
Let h(j) = j**3 - 5*j**2 + 2*j - 7. Let v be h(5). Let a(k) = -k**3 - k + 2. Let o be a(0). Let r(b) = 1 + b**o + v - 5 - b. Give r(3).
5
Let t(x) = -4*x**2 - 1. Suppose 0 = 4*o - 5*p - 4 + 2, -6 = -2*o + 5*p. Determine t(o).
-17
Let r(a) = 2*a**3 - 2*a**2 - 2*a. Let z(p) = 2*p - 14. Let y be z(8). What is r(y)?
4
Let y(x) = -x**2 - x. Let q be (-2)/(-12) + 20/24. Let l(p) = 4*p**3 - 2*p + 1. Let r = -4 + 3. Let a(f) = q*y(f) + r*l(f). Give a(1).
-5
Let r(j) = 7*j - 3. Let s(w) = -6*w + 2. Let m(d) = 3*r(d) + 4*s(d). Let h be (-2)/10 + (-22)/(-10). Suppose -h*o = 3 + 5. Calculate m(o).
11
Suppose t = 3*t. Let w(q) be the third derivative of q**6/120 + q**5/60 - 2*q**3/3 + 25*q**2. Determine w(t).
-4
Let h(t) = t**3 + 3*t**2 - 4*t + 4. Let x(b) = b**2 - 16*b - 21. Let i be x(17). Calculate h(i).
4
Suppose 3*x - x = -10. Let p(q) = -q**2 - 5*q + 5. What is p(x)?
5
Suppose -2*p = 2 - 0. Let o = 7 - 2. Let t(v) = -16*v + 4*v**3 + 17*v + o*v**3. Calculate t(p).
-10
Let n(f) = 3*f + 17. Let i be n(-8). Let q(k) = -k**2 - 6*k + 6. What is q(i)?
-1
Let j(u) = u + 5. Suppose -p - 2 = 1. Let t = -3 - p. Calculate j(t).
5
Let m(d) = -6*d + 32. Let g be m(5). Let f(x) = -x**3 + x**2 - 2. Give f(g).
-6
Let n(y) = y**2 - 5*y - 1. Suppose 0 = -3*w + d + 45, -2*d = 6*w - 2*w - 60. Let g = w - 9. Determine n(g).
5
Suppose -5 = -t + g, 0*t - 10 = 3*t + 2*g. Let h(k) = 2 - 5*k + k**2 + t + 1. Determine h(3).
-3
Let b(h) = -h**3 - 10*h**2 + 10*h - 14. Let v be b(-11). Let d = v + 6. Let y(u) = u**2 - u + 2. Determine y(d).
8
Let s(w) be the third derivative of -w**6/120 - w**5/10 + 5*w**4/24 - 4*w**3/3 + 19*w**2. Determine s(-7).
6
Let p(u) be the third derivative of -u**6/360 - u**5/60 - u**4/6 - 4*u**2. Let h(v) be the second derivative of p(v). Calculate h(-6).
10
Let n(x) be the first derivative of x**2 + 2*x + 1. Let y = -37 - -35. What is n(y)?
-2
Suppose 12*z + 35 = 5*z. Let v(c) = c**3 + 6*c**2 + 5*c + 7. Give v(z).
7
Let z(u) = 4*u + 2. Let m(a) = -5*a - 1. Let y(t) = 5*m(t) + 6*z(t). Let g = -8 + 4. Let f be 2/(-4) + (-2)/g. What is y(f)?
7
Let i(n) be the third derivative of -n**4/24 + 8*n**3/3 - 12*n**2. Determine i(0).
16
Let o(m) = m**2 - 8*m - 5. Let d be o(7). Let j be ((-9)/6)/((-3)/d). Let n(h) = h**3 + 5*h**2 - 6*h - 7. Determine n(j).
-7
Let u be (15 + -18)*(-1)/3. Let g(y) be the third derivative of y**6/40 - y**5/60 + y**4/24 - y**2. What is g(u)?
3
Let g(w) = -15*w**2. Let d be (-2)/(-5) - 54/(-15). Let u(j) = 15*j**2. Let i(c) = d*u(c) + 5*g(c). Give i(-1).
-15
Let b(s) = -4*s**2 - 5*s - 5. Let y(a) be the third derivative of a**5/30 + a**4/12 + a**3/3 + 2*a**2. Let l(p) = 4*b(p) + 9*y(p). Determine l(2).
2
Let u = -25 - -22. Let c(k) = -k**3 - 4*k**2 + 4. Determine c(u).
-5
Let q(t) = -t - 7. Let r(c) = c + 6. Let f = -21 + 16. Let u(l) = f*q(l) - 6*r(l). Suppose 0 = -5*n - 5*a + 45, -3*a = 5*n - 2 - 35. Determine u(n).
-6
Let u(h) = 5*h**2 - 3*h + 3. Let n(y) = 9*y**2 - 7*y + 7. Let s(a) = -4*n(a) + 7*u(a). Determine s(5).
3
Let t(x) be the second derivative of -x**4/12 - x**3/6 + x**2/2 - x. Suppose 18 = -4*l + 2*g, 5*l - 3 = -2*g - 12. Calculate t(l).
-5
Let n(i) = -1 + 2*i - i + 3*i + 2*i**2 + i**3 + 2*i**2. Let d(h) = -h**2 - 3*h + 1. Let s be d(-4). Calculate n(s).
-4
Let v be (-2 - -5)*2/(-2). Let r(a) = a. Let q(y) be the second derivative of y**4/12 + y**3 + 3*y**2/2 + 2*y. Let k(f) = -q(f) + 4*r(f). Give k(v).
-6
Let k(o) = o - 2. Suppose -4*y - 4*g = -32, 2*y = y - 3*g + 4. Let u be (-132)/(-15) + 2/y. Suppose -2*h = p + 2*p - 17, 3*h - u = p. Give k(p).
1
Let d(a) = -28*a - 18*a + 3 + 2*a**2 + 47*a. Calculate d(-3).
18
Let t(z) = -z + 5. Suppose 2*p = 4*g + 14, p = g - 6*g - 7. Give t(p).
2
Let t(v) be the first derivative of -v**3/3 - 3*v**2/2 - 3*v + 4. Suppose 4*w + 46 = -42. Let b be 2/(-8) - w/(-8). Determine t(b).
-3
Suppose 2*j - 3*g + 11 = 4, -3*g = 3*j - 27. Let s(o) = -o + 8. Let d be s(j). Let c(v) = -v**3 + 5*v**2 - 4*v + 3. Give c(d).
3
Let w(d) = 2*d**3 - d**2 + 5*d**3 - d + 1 + 0*d**3 + d**3. Determine w(1).
7
Let y = -42 + 34. Let n(h) = -3*h - 9. What is n(y)?
15
Let o(n) be the third derivative of -n**6/120 - n**5/30 + n**4/8 + n**3/2 - 3*n**2. Let p be o(-2). Let s(d) = d**3 + 3*d**2 - 2*d. Calculate s(p).
6
Suppose 4*z = 4*v - 12, -2 - 1 = -z + 3*v. Let j(c) = -c. Give j(z).
6
Let h(z) = -5 + 400*z - 789*z + 395*z. Determine h(-4).
-29
Let p(o) = -5*o - 10. Let l(u) = -16*u - 30. Let h(s) = 2*l(s) - 7*p(s). What is h(-7)?
-11
Let j = -9 + 13. Let a(i) = i + 6. Let v be a(-4). Let g(y) = 4 - 1 + 5*y**v + j*y + 3 + y**3. What is g(-4)?
6
Let l(t) be the second derivative of t**3/6 - 7*t**2/2 + 5*t. Calculate l(7).
0
Suppose 5*w = -3*v + 15, 5 = -3*w - 5*v + 14. Let k(u) = u**3 - 3*u**2 - 2*u + 1. Give k(w).
-5
Let d(m) = 2*m**2 - 12*m - 11. Let b(t) = -3*t**2 + 23*t + 22. Let s(v) = 3*b(v) + 5*d(v). Determine s(-8).
3
Let i(t) be the first derivative of t**2/2 + 7*t + 3. Let w = 3 + -3. Determine i(w).
7
Let r(k) = k**3 + k + 4. Let u 